{"id":333,"date":"2025-05-04T04:45:06","date_gmt":"2025-05-04T04:45:06","guid":{"rendered":"https:\/\/digitalbunker.agenciajmz.com\/product\/ansiedad-y-depresion\/"},"modified":"2025-10-11T03:19:57","modified_gmt":"2025-10-11T03:19:57","slug":"ansiedad-y-depresion","status":"publish","type":"product","link":"https:\/\/digitalbunker.agenciajmz.com\/?product=ansiedad-y-depresion","title":{"rendered":"Ansiedad y depresi\u00f3n"},"content":{"rendered":"<p>Un curso breve y pr\u00e1ctico que te ayudar\u00e1 a identificar los s\u00edntomas de la ansiedad y la depresi\u00f3n, entender sus causas, y aprender herramientas efectivas para manejarlas en tu d\u00eda a d\u00eda. Ideal para quienes buscan dar el primer paso hacia su bienestar emocional con apoyo profesional y accesible.<\/p>\n","protected":false},"excerpt":{"rendered":"<p>Un curso breve y pr\u00e1ctico que te ayudar\u00e1 a identificar los s\u00edntomas de la ansiedad y la depresi\u00f3n, entender sus causas, y aprender herramientas efectivas para manejarlas en tu d\u00eda a d\u00eda. Ideal para quienes buscan dar el primer paso hacia su bienestar emocional con apoyo profesional y accesible.<\/p>\n","protected":false},"featured_media":359,"comment_status":"open","ping_status":"closed","template":"","meta":[],"product_cat":[22],"product_tag":[],"class_list":{"0":"post-333","1":"product","2":"type-product","3":"status-publish","4":"has-post-thumbnail","6":"product_cat-cursos","8":"first","9":"instock","10":"sale","11":"downloadable","12":"virtual","13":"purchasable","14":"product-type-simple"},"_links":{"self":[{"href":"https:\/\/digitalbunker.agenciajmz.com\/index.php?rest_route=\/wp\/v2\/product\/333"}],"collection":[{"href":"https:\/\/digitalbunker.agenciajmz.com\/index.php?rest_route=\/wp\/v2\/product"}],"about":[{"href":"https:\/\/digitalbunker.agenciajmz.com\/index.php?rest_route=\/wp\/v2\/types\/product"}],"replies":[{"embeddable":true,"href":"https:\/\/digitalbunker.agenciajmz.com\/index.php?rest_route=%2Fwp%2Fv2%2Fcomments&post=333"}],"wp:featuredmedia":[{"embeddable":true,"href":"https:\/\/digitalbunker.agenciajmz.com\/index.php?rest_route=\/wp\/v2\/media\/359"}],"wp:attachment":[{"href":"https:\/\/digitalbunker.agenciajmz.com\/index.php?rest_route=%2Fwp%2Fv2%2Fmedia&parent=333"}],"wp:term":[{"taxonomy":"product_cat","embeddable":true,"href":"https:\/\/digitalbunker.agenciajmz.com\/index.php?rest_route=%2Fwp%2Fv2%2Fproduct_cat&post=333"},{"taxonomy":"product_tag","embeddable":true,"href":"https:\/\/digitalbunker.agenciajmz.com\/index.php?rest_route=%2Fwp%2Fv2%2Fproduct_tag&post=333"}],"curies":[{"name":"wp","href":"https:\/\/api.w.org\/{rel}","templated":true}]}}