{"id":399,"date":"2025-05-06T01:38:14","date_gmt":"2025-05-06T01:38:14","guid":{"rendered":"https:\/\/digitalbunker.agenciajmz.com\/?post_type=product&#038;p=399"},"modified":"2025-05-06T03:33:13","modified_gmt":"2025-05-06T03:33:13","slug":"crea-una-app-android","status":"publish","type":"product","link":"https:\/\/digitalbunker.agenciajmz.com\/?product=crea-una-app-android","title":{"rendered":"Crea una app Android"},"content":{"rendered":"<p>\u00bfAlguna vez has so\u00f1ado con llevar tu idea al mundo digital? Con nuestra gu\u00eda de creaci\u00f3n de una app Android, esto es posible. Te ofrecemos las herramientas y conocimientos necesarios para transformar tu concepto en una aplicaci\u00f3n funcional. Desde la programaci\u00f3n b\u00e1sica hasta el dise\u00f1o atractivo, te acompa\u00f1amos en cada paso del proceso de desarrollo.<\/p>\n<p>&nbsp;<\/p>\n","protected":false},"excerpt":{"rendered":"<p>\u00bfAlguna vez has so\u00f1ado con llevar tu idea al mundo digital? Con nuestra gu\u00eda de creaci\u00f3n de una app Android, esto es posible. Te ofrecemos las herramientas y conocimientos necesarios para transformar tu concepto en una aplicaci\u00f3n funcional. Desde la programaci\u00f3n b\u00e1sica hasta el dise\u00f1o atractivo, te acompa\u00f1amos en cada paso del proceso de desarrollo. [&hellip;]<\/p>\n","protected":false},"featured_media":400,"comment_status":"open","ping_status":"closed","template":"","meta":[],"product_cat":[22],"product_tag":[],"class_list":{"0":"post-399","1":"product","2":"type-product","3":"status-publish","4":"has-post-thumbnail","6":"product_cat-cursos","8":"first","9":"instock","10":"sale","11":"downloadable","12":"virtual","13":"purchasable","14":"product-type-simple"},"_links":{"self":[{"href":"https:\/\/digitalbunker.agenciajmz.com\/index.php?rest_route=\/wp\/v2\/product\/399"}],"collection":[{"href":"https:\/\/digitalbunker.agenciajmz.com\/index.php?rest_route=\/wp\/v2\/product"}],"about":[{"href":"https:\/\/digitalbunker.agenciajmz.com\/index.php?rest_route=\/wp\/v2\/types\/product"}],"replies":[{"embeddable":true,"href":"https:\/\/digitalbunker.agenciajmz.com\/index.php?rest_route=%2Fwp%2Fv2%2Fcomments&post=399"}],"wp:featuredmedia":[{"embeddable":true,"href":"https:\/\/digitalbunker.agenciajmz.com\/index.php?rest_route=\/wp\/v2\/media\/400"}],"wp:attachment":[{"href":"https:\/\/digitalbunker.agenciajmz.com\/index.php?rest_route=%2Fwp%2Fv2%2Fmedia&parent=399"}],"wp:term":[{"taxonomy":"product_cat","embeddable":true,"href":"https:\/\/digitalbunker.agenciajmz.com\/index.php?rest_route=%2Fwp%2Fv2%2Fproduct_cat&post=399"},{"taxonomy":"product_tag","embeddable":true,"href":"https:\/\/digitalbunker.agenciajmz.com\/index.php?rest_route=%2Fwp%2Fv2%2Fproduct_tag&post=399"}],"curies":[{"name":"wp","href":"https:\/\/api.w.org\/{rel}","templated":true}]}}